 10 + -20. Let x be (-26)/d - (-6)/15. Let r(m) = 3*m**2 - 3*m**3 + 3 + 4*m**x + 3*m - 8*m**2. Give r(3).
-6
Let c(a) = a**2 - a. Let u = 128 + -126. Determine c(u).
2
Let a(z) be the first derivative of -z**4/4 - 5*z**3/3 + 3*z**2 + 3*z + 1. Suppose 5*x + 38 = 2*n, -5*n + 23 = -4*x - 21. What is a(x)?
3
Let k(h) = -1 + 8*h - 39*h + 10*h + 23*h. Let v be (4/3)/((-1)/(-3)). Determine k(v).
7
Let a(u) = -u. Let s(t) be the second derivative of 2*t**3/3 - 3*t**2/2 - t. Let f(x) = 5*a(x) + s(x). Calculate f(5).
-8
Let f(l) = 62 + 2*l + l - 126 + 59. Give f(4).
7
Let o be ((-4)/3*1)/(32/(-48)). Let p(w) = -9 - 14*w**o + w**3 + 42*w**2 - 19*w**2 + 2*w + 6*w. Calculate p(-8).
-9
Let m be 53/(-13) + 1 + 3 - (-636)/156. Let c(p) = p**3 + p**2 - 1. Let x(u) = -u**3 + u**2 + u + 1. Let z(i) = c(i) + 2*x(i). What is z(m)?
-7
Let k(f) be the first derivative of f**3/3 + 7*f**2/2 + 13*f + 159. Determine k(-5).
3
Let t(z) be the second derivative of z**4/12 - z**3/6 + z**2 - z - 1. Calculate t(2).
4
Let p be (-10)/(-2)*1/((-30)/(-12)). Let v(t) = 53 + 53 + p*t - 105. Determine v(-3).
-5
Let v(x) = x**2 - 2*x. Let k(w) = -w**2 + 4*w - 1. Let s(q) = -k(q) - 2*v(q). Suppose -3*m - 3*t - 4 = -1, -19 = -5*m + 3*t. What is s(m)?
-3
Let n(k) be the first derivative of -k**2 + 3*k - 97. Let h be (-2 - (0 + 1)) + 0. Let x = h - -8. Determine n(x).
-7
Suppose -40 = -7*d + 2*d. Suppose 2*m + d - 12 = 0. Suppose -4 = 2*o + m. Let i(s) = -s**3 - 3*s**2 + 3*s + 3. Determine i(o).
-6
Let v(u) be the third derivative of -1/24*u**4 + 0*u - 1/3*u**3 + 17*u**2 + 0. Let b = 0 - -3. Calculate v(b).
-5
Let g = 333 - 335. Let p(j) = 12*j + 2. Calculate p(g).
-22
Let w = -156 + 161. Let j(x) = w*x**2 + 4*x + 12*x**2 + 7 - 18*x**2. Calculate j(6).
-5
Suppose -25 = -2*g - 5*p, 2*p = -0*p + 6. Suppose -2 = x - g. Let u(q) = q**3 + 2*q**2 + 5*q**3 - 1 + 0*q**x - 4*q**3 + 2*q. Determine u(-2).
-13
Let a(w) be the first derivative of -w**4/4 + w**3/3 + w**2/2 + 7*w + 93. Determine a(0).
7
Let z be (1/2)/(119/(-714)). Let q(d) = -3*d**2 + 4*d + 6. What is q(z)?
-33
Let b(i) = 2*i. Let h(z) = 1. Let f(j) = -j - 12. Let p(m) = f(m) - 3*h(m). Let q be p(-10). Calculate b(q).
-10
Suppose -4*b = b + 2*k - 12, -5*k = 5*b - 15. Suppose -2*x + x = -b. Let n(f) = -f**2 + 0*f**x - 4*f**2 + 4*f**2 - 4 - 8*f. Calculate n(-6).
8
Let p(u) be the second derivative of -u**4/4 + u**3/3 + u**2 + u. Suppose 6*t = 7*t + 7. Let h = t - -9. Determine p(h).
-6
Suppose 2*n - 8 = -2*i, 4*n - i = -3*i + 14. Let h be (-103)/(-5) - n/5. Let c = 26 - h. Let v(y) = y + 2. Calculate v(c).
8
Suppose 2*g + 2 = 4*q, q - 2*g + 3*g - 5 = 0. Suppose -q*h + v = -3 - 6, -h - 3 = v. Let a(m) = 2 - 5 + 2*m + h*m**2 - m**3 + 5. Give a(3).
-1
Let g(n) = n**3 - 10*n**2 - 5*n - 63. Let f be g(11). Let i(k) be the second derivative of -3*k + 0 + 0*k**2 - 1/3*k**f. Calculate i(1).
-2
Let k(x) be the first derivative of -x**4/4 + 2*x**3 + 5*x**2/2 + x - 26. Give k(7).
-13
Let m(c) = -5*c**2 - 190*c - 13. Let y be m(-38). Let n(a) = a**3 + 14*a**2 + 14*a + 4. What is n(y)?
-9
Let t(p) = p**3 + p**2 + p + 1. Let q = 31 + -27. Suppose 18*u + 1 = 3*o + 14*u, q*u + 9 = -5*o. What is t(o)?
0
Let d(y) = y**2 - 3*y - 16. Let z be d(7). Let i(h) = z - 5*h - 2*h - 11. Let u(p) = -p + 4. Let w be u(3). Give i(w).
-6
Let y be ((-12)/(-18))/(5/((-45)/(-6))). Let m(i) = -13*i + 2. Calculate m(y).
-11
Suppose m = b + 6, -11 = m + 3*b - 1. Suppose -532 = -2*q - m*q. Let t be 58/7 + (-38)/q. Let j(a) = a - 2. Give j(t).
6
Let t(u) = 2*u**2 - 17*u + 14. Suppose -4*h + 2*a + a + 23 = 0, 5*h = -3*a + 49. What is t(h)?
6
Let f(i) be the third derivative of 0*i + 2/3*i**3 + 0 + 1/20*i**5 + 3*i**2 - 1/4*i**4. Determine f(4).
28
Let g(r) = 48 - 139 + 48 + 55 - r**2 + 5*r. Determine g(5).
12
Let m be 7 + -2 - (-2 + 1). Suppose 3*p - v = -4, -p + 0*p = 3*v - 12. Let f(t) = t**2 + p*t**2 - 4 - 14*t + 2*t + 6*t. What is f(m)?
-4
Let d(g) be the first derivative of g**2/2 + g + 14. Let n(f) = 8*f + 9. Let v(z) = 6*d(z) - n(z). Determine v(3).
-9
Let y(o) = 7*o**3 - 8*o**2 - 11*o + 20. Let t(p) = -12*p**3 + 16*p**2 + 17*p - 39. Let c(d) = 3*t(d) + 5*y(d). Give c(7).
4
Let j(q) = -3*q**2 + 5*q. Let a be -2 - 0 - -4*(-1 - -2). Determine j(a).
-2
Let j(k) = k**2 + 5*k - 1. Let w = -444 - -439. Calculate j(w).
-1
Let h(b) be the first derivative of 3*b**2/2 - 6*b + 1. Let g(o) = o**3 + 15*o**2 - 36*o - 29. Let c be 3/(1 - (-40)/(-34)). Let y be g(c). Determine h(y).
9
Let q(d) = 7*d**2 + 10*d - 6. Let l(b) = -9*b - b**2 + 124 - 119 - 5*b**2. Let o(j) = -6*l(j) - 5*q(j). Calculate o(-4).
0
Let y(x) = x**3 + x**2 + 15. Suppose 11*t + 5*l = 4*t + 20, 2*t - l = -4. What is y(t)?
15
Suppose -c - 2 = -0. Let n be (-9 + -6)*(-19)/3. Let y(a) = -47*a + 2*a**3 + n*a + 2 - 45*a - a**3. Give y(c).
-12
Let t(i) be the first derivative of 13 + 1/4*i**4 + 2/3*i**3 - 2*i**2 + 3*i. Calculate t(-4).
-13
Let o(l) be the second derivative of -l**8/6720 - l**7/840 + l**6/720 - l**5/120 - 2*l**4/3 + 16*l. Let c(r) be the third derivative of o(r). What is c(-4)?
11
Let w(g) = g - 7 - 11*g**3 - 13*g**3 - 9*g**2 - 1 + 25*g**3. Give w(9).
1
Let h = 209 + -204. Let s(x) = 2*x**2 - 13*x + 7. What is s(h)?
-8
Let c = -12 + 15. Let n(j) = -5 - j**3 - c + j**2 + 5 + j. Determine n(0).
-3
Let y(i) = -i**3 + 5*i**2 + 7*i + 5. Let t = 53 + -9. Let o = 50 - t. Calculate y(o).
11
Let q(f) be the third derivative of f**6/120 + 3*f**5/20 + 7*f**4/24 - f**2 + 364. Suppose j + j - 4 = -5*v, 5*j = -2*v - 32. Calculate q(j).
8
Let h(n) be the third derivative of n**6/120 - 11*n**5/60 + 11*n**3/6 + 2*n**2 + 16. Calculate h(11).
11
Let k(l) = 2*l**3 - 3*l**2 + l + 3. Suppose 0 = 2*y - 2*b - 8, 2*b = -5*y - 53 + 66. Calculate k(y).
33
Let b be (33/12 - 3) + (-405)/(-20). Suppose 4*n + 3*z - 2*z - 20 = 0, 0 = 5*z + b. Let k(u) = -u**3 + 5*u**2 + 8*u - 5. What is k(n)?
7
Let x be 100/(-25)*1/(-2). Let i(c) = -13 + 8 - 6*c + 2*c**x - c**2. What is i(6)?
-5
Suppose -v = -4*v + 9. Let f(o) be the third derivative of -o**6/120 + o**5/30 + o**4/6 + 15*o**2. Calculate f(v).
3
Let s be ((-28)/(-12))/(2/(-6)). Let b(m) be the second derivative of m**4/12 + 5*m**3/6 - 4*m**2 - 10*m - 12. Calculate b(s).
6
Let r(z) be the third derivative of z**4/8 + 2*z**3/3 - 113*z**2 + 2*z. Calculate r(-1).
1
Let i(o) = -53*o. Suppose -1475*d - 7 = -1468*d. Give i(d).
53
Let j(a) be the first derivative of -11*a**2/2 - 2*a + 10. Calculate j(-2).
20
Let x(k) be the second derivative of k**4/12 + 2*k**3/3 - k**2/2 + k. Suppose -38*w = -3878 + 4030. Determine x(w).
-1
Let w(a) = -2*a - a + 2*a + 0*a. Let y(z) = -z - 1. Let m(t) = 10. Let h(g) = m(g) - y(g). Let v be h(-6). Calculate w(v).
-5
Let c(k) be the first derivative of k**3/3 + 3*k**2/2 + 7*k - 217. Determine c(-5).
17
Let o = -108 - -52. Let c = -59 - o. Let a(w) = -3*w + 1. What is a(c)?
10
Suppose -l - 10 = -3*l. Suppose a - 3*a = -4*q + 6, 0 = l*q - a - 12. Suppose 0 = -q*d - 21. Let k(m) = m**2 + 9*m + 3. What is k(d)?
-11
Let i(j) = -1. Let s(z) = -2*z - 11. Let a(f) = -2*i(f) + 2*s(f). Let g be a(-6). Let u(x) = 6 - x**2 - 3 - 2*x - g - 1. Determine u(3).
-17
Suppose -10 = 10*u - 15*u. Let j(z) = -14*z - 5 + u + 9*z. Give j(4).
-23
Let f(s) = 2*s**2 + 2*s - 2. Let o be f(-2). Let m(n) = -4*n - 3. Let g(p) = 8*p + 4. Let x(i) = 3*g(i) + 5*m(i). Determine x(o).
5
Suppose 167 = -5*z + 167. Let l(h) = 3*h + 3 - 1 + 3*h + z*h. Suppose 2*n - 18 = 3*k, -3 = -0*n + 3*n + 3*k. Give l(n).
20
Let m(y) = y**3 + 1. Let a be 0 - -36 - (-18)/(-6). Suppose 8*q - a = 5*q. Suppose -5*k - 2*j = q, 5*k - j + 8 = -2*j. Give m(k).
0
Let n(f) = f**2 - 9*f. Let s = -36 + 25. Let v = 20 + s. Determine n(v).
0
Let u be (288/160)/((-3)/10). Let h(s) = s - 5. Give h(u).
-11
Let b be (20/(-6))/((-138)/(-207)). Let y(k) = -k**2 + 2*k + 6. Determine y(b).
-29
Let r(s) be the first derivative of -s**3/3 - 3*s**2 + 263. Suppose 3*i = -13 - 2. Calculate r(i).
5
Let v(c) = -3*c + 1. Suppose 16*r + 112 = 3*j + 12*r, 2*r = 5*j - 182. Suppose j*d + 3 = 33*d. What is v(d)?
4
Let w(p) = -2*p**3 + 11*p**2 + 2*p - 38. Let t be w(5). Let i(v) = 9*v + 7. What is i(t)?
-20
Let z(k) = -116*k**3 + 117*k**3 + 15*k**2 + 6 - 7*k**2. Determine z(-8).
6
Let i(k) = -k**2 + 10*k - 4. Suppose -7*b = -5*s - 2*b + 60, 0 = -s -